 8/3*g**3 + 6*g. Give m(9).
-3
Let u(x) = -x**2 - 6*x + 1. Suppose 5*h = 4*d + 12, -3 - 5 = -2*h. Let t be 32/12*(-1 - -10)/3. Let r = d - t. What is u(r)?
1
Let l(z) be the first derivative of -z**4/4 + 2*z**3 - z**2 + 7*z + 1279. Give l(5).
22
Let z(l) = -9*l**2 - 35*l - 15. Let u(h) = 10*h + 1. Let y(a) = -2*u(a) - z(a). Calculate y(-1).
7
Let y(r) = 17*r**3 + 2*r**2 + r. Let l = -21845 + 21844. Calculate y(l).
-16
Let c(a) = 5*a**3 - 29*a**2 - 4*a - 1. Let t(x) = -x**3 + 7*x**2 + x. Let v(j) = -2*c(j) - 9*t(j). Let s be ((-175)/70)/(-3 + (-145)/(-40)). What is v(s)?
-10
Let o be 1/2 - (-22)/4. Let t = -195 + 197. Let b(h) = 3 + 2*h - 5*h - 10 - 1 + t*h. Determine b(o).
-14
Suppose 3*j - 171 = -0*j. Let t = j - 56. Let f(x) = 1 + x + 2 - 3. Determine f(t).
1
Let p(k) be the third derivative of 0*k - 1/30*k**5 + 0 + 1/6*k**4 - 4*k**2 + 1/3*k**3. Suppose 0*g = 10*g - 40. What is p(g)?
-14
Suppose 0 = -10*o - 161 + 131. Let v(w) = 54*w - 53*w + 4 - 4 - w**2. Determine v(o).
-12
Let d(n) = -10*n**2 - 7*n - 4. Let b(k) = 12*k**2 + 20*k + 4. Let w(o) = -3*b(o) - 2*d(o). Calculate w(-3).
-10
Let k(c) be the third derivative of 2*c**2 + 44*c - 5/24*c**4 + 1/3*c**3 + 0 + 1/20*c**5. Give k(4).
30
Let o be ((-7)/49 + 655/(-70))/((-3)/(-6)). Let u(p) = -15*p - 280. Calculate u(o).
5
Let v(n) be the first derivative of n**4/4 - 7*n**3 + 21*n**2/2 - 17*n - 15. Let u be v(20). Let x be (-2)/(4 - 13/u). Let j(o) = o - 13. What is j(x)?
-7
Let g(l) = -l**3 - 9*l**2 + 3*l + 30. Let r = -28988 + 28979. What is g(r)?
3
Suppose -33*a + 38*a + 5*o = 25, -a + 3*o = 15. Let s = -1 - -19. Let w(j) = -9 - j**3 + j + s - 4 - j**2. Give w(a).
5
Let s(q) = 744908 - 372455 - 372459 + q. What is s(23)?
17
Let q(f) be the third derivative of f**4/3 - f**3/3 - 43*f**2. Let u(z) = -z**2 - 16*z + 5. Let c be u(-14). Let s = c - 35. Determine q(s).
-18
Let w(v) be the first derivative of v**3/3 - 7*v**2/2 + 6*v - 10. Let r = 33 - 33. Suppose r = s - 6*s + 30. What is w(s)?
0
Let i(r) = -2*r + 12*r - 56 - 19*r. What is i(-7)?
7
Let y(i) = i**2 + 6*i - 4. Let c be 1 + (3 + 21/(-6))*6. Let z be 0/(-1) + 3 + (1 - c). Suppose -z = -14*v + 15*v. Give y(v).
-4
Suppose -22*p = 2*p + 28*p - 8*p. Let y(z) be the second derivative of 1/6*z**3 + 9/2*z**2 + p - 14*z. What is y(-8)?
1
Suppose z - 2*z = k + 3, -4*k = -z - 23. Let f(r) = 3*r**3 + 6*r**2 + 3*r - 6. Let i(a) = -13*a**3 - 23*a**2 - 12*a + 32. Let o(h) = 9*f(h) + 2*i(h). Give o(z).
38
Suppose -21 + 9 = -6*k. Suppose 0*h + 4 = 2*j - 4*h, j = -k*h - 2. Let i(n) = n**3 - n**2 - 2. Give i(j).
-2
Let x(m) = m**2 - 7*m + 8. Let p be ((28/2)/(-7))/((-3)/3). Let i be (23/(1035/(-72)))/(p/(-10)). What is x(i)?
16
Suppose -3*j = -8 - 1. Let f be (-1)/2*(-2)/2*2. Let q(x) = f + x + x - x**2 - x + 2*x. Determine q(j).
1
Let o(m) be the first derivative of -4*m**2 - 82*m + 7190. What is o(-11)?
6
Let b be (-17)/(-136) + ((-27)/(-45))/(8/105). Let x(p) = -p**3 + 9*p**2 + 2*p - 88. Determine x(b).
-8
Let g be (2 - 1)/(5 - (-44)/(-8)). Let q be -1 + g + 9 - -1. Let k(o) be the third derivative of -o**6/120 + 2*o**5/15 - o**4/4 + 2*o**2. Give k(q).
7
Let n(d) = -d**2 + 2*d - 4. Let a(z) = -30*z + 1. Let j be a(1). Let f = -17 - j. Suppose 3*c = -c - f. Determine n(c).
-19
Let i(a) be the third derivative of -a**4/12 + 11*a**3/6 + 1709*a**2. Suppose 3*h = 40 + 56. Let l = h + -23. Calculate i(l).
-7
Let h(j) = 94*j**2 - 13*j + 80. Let z(i) = -43*i**2 + 6*i - 38. Let a(c) = 6*h(c) + 13*z(c). Determine a(5).
111
Let j(z) be the first derivative of z**4/4 - z**3 + z**2 - z - 884. Suppose -3*q = -2*f, -q + 4*f = -0*q + 10. Calculate j(q).
-1
Let y(r) = r**3 - 3*r**2 - 3. Suppose -13*f - 2016 = -31*f. Suppose -17*q + f = 11*q. What is y(q)?
13
Suppose 2*c + 28 = 3*p, 3*p + 14 = -4*c + 48. Let t(b) = 17*b - 2 + p*b - 29*b. What is t(-12)?
22
Let c(f) = -13*f**2 + 26529*f - 26541*f + 9*f**2. Determine c(-3).
0
Suppose -4*f + f = -18. Let q(v) be the second derivative of -5/12*v**4 + 1/2*v**2 - 5/6*v**3 + 0 - 20*v + 1/20*v**5. Calculate q(f).
7
Let w = 17 - 4. Suppose 4*l - 1 + w = 0. Let m(j) = -4*j - 4. Let x(s) = -4*s - 4. Let g(z) = -6*m(z) + 5*x(z). What is g(l)?
-8
Let h(p) = p**3 + 38*p**2 - 38*p + 53. Let v be h(-39). Let q(y) = v + 14*y - 7*y - 6*y. Determine q(-7).
7
Let c(b) = b**3 + 5*b**2 - 2*b + 7. Suppose -3*v + 19 = -8. Suppose v*p + 53 = -1. Calculate c(p).
-17
Let a be -7 + (-2)/(-1) - 1. Let f(b) = b**2 + 17*b + 18. Let r be f(-16). Let p(y) = -3 - 2*y - 4 - y + r*y. What is p(a)?
-1
Let s(r) = r**2 - 9*r + 1. Let d(a) = 8*a**2 - 15*a - 179. Let u be d(-4). Determine s(u).
1
Let d = -2241 - -2226. Let s(y) = -y**3 - 14*y**2 + 12*y - 40. Give s(d).
5
Let q(j) = j**2 + 61*j - 193. Let k be q(-64). Let b(i) = -6*i**2 + 4*i + 9. What is b(k)?
-1
Let j(y) be the third derivative of 23*y**4/24 + 5*y**3/6 + 4552*y**2. Calculate j(2).
51
Let n(u) = 7*u**2 - 26*u - 6. Let o be (552/(-690))/(1/(-5)). Calculate n(o).
2
Let g(j) = 2*j**3 + 57*j**2 - 28*j + 29. Let l be -4 + 5 - (-11 - 697/(-17)). Calculate g(l).
0
Suppose 4*m = -2*j + j + 5, -5*j = -5*m + 25. Let t be (8/(-1) - (0 + j)) + 1. Let y(d) = -d**3 - 6*d**2 - 4*d - 1. Give y(t).
-17
Let i(u) = -2*u**2 - 16*u - 10. Let h(q) = 3*q**2 - 13*q + 69 - 54 + 38*q. Let r(v) = -5*h(v) - 8*i(v). Determine r(-4).
9
Let k be ((-645)/86)/(2/(-8)). Let a(o) = -6*o + k*o - 13*o - 13*o. Determine a(1).
-2
Let t(s) = -15*s**3 + 11*s**2 - 43*s + 3. Let c(x) = -18*x**3 + 12*x**2 - 49*x + 3. Let l(f) = 8*c(f) - 9*t(f). Give l(-1).
8
Let u(c) = -2*c + 6. Let a = 821 - 819. Let x be 0/(8 - 28/a). Give u(x).
6
Let l(f) = -97*f - 16. Let r(k) = 24*k. Let i(p) = -l(p) - 4*r(p). Determine i(-8).
8
Let l(n) = 16*n - 16. Let o be (1/(-32)*-8)/((-1)/(-20)). Determine l(o).
64
Let k(n) = 1 + 6*n**2 - 7*n - 2 + 2 + n**3. Suppose -146*o = 745 - 21 + 298. Give k(o).
1
Let z(l) = 10 - l - 2 - 2*l. Suppose -3*n + 56 = -5*o, -4*n - 135 = -4*o - 191. What is z(o)?
29
Let j(x) be the second derivative of -3*x**3 + 17*x**2/2 + 998*x + 3. What is j(2)?
-19
Let w(l) = l**3 - 6*l**2 + 6*l + 2. Suppose 23*f - 18 - 97 = 0. Determine w(f).
7
Let x be (108/45)/(-2 - 78/(-30)). Let p(s) = -4*s + 48. What is p(x)?
32
Let n(r) = -2*r**2 - 3*r + 7. Let a be -21 + (47 - 22) + 1 + -2. Calculate n(a).
-20
Let g = -147 + 175. Let p(d) = -d - 47 + 28 + g. Suppose 18 = 3*y + j - 1, -j + 26 = 4*y. What is p(y)?
2
Let g(u) = 11*u + 2. Let c(o) = 24*o + 6. Let v(n) = -5*c(n) + 11*g(n). Let y = 11 + -7. Give v(y).
-4
Let q be 1 + (-1 - (-7)/((-7)/(-3))). Suppose -2*l + 4*z + 30 = 8*z, 4*l - q*z = 16. Let p(n) = -n + 2. Determine p(l).
-5
Let c(n) be the first derivative of 2 + 7/2*n**2 + 1/3*n**3 + 4*n. Let s(g) = 2*g**2 + 20*g - 84. Let t be s(-13). Give c(t).
-2
Suppose -4*x = -154 - 202. Suppose 85 = -2*z + x. Suppose -z*s + 26 = 24. Let v(a) = 2*a - 1. Calculate v(s).
1
Let k(q) = -9 + 1 - 8 - 9*q**3 - 6*q**3 - 33*q - 16*q**2. Let g(h) = 7*h**3 + 8*h**2 + 16*h + 8. Let t(r) = 13*g(r) + 6*k(r). Give t(-7).
-13
Let u(s) = 2*s**2 - 1 - 20 - 9*s + 9 - 1 - 30. What is u(7)?
-8
Suppose 14*p + 19*p = 79 + 152. Let z(m) = 2*m**2 - 10*m - 6. Determine z(p).
22
Suppose -46*m = -44*m + 4*w + 758, 2*w + 768 = -2*m. Let f = m + 387. Let g(t) = -t**3 + 2*t. What is g(f)?
4
Let c(g) = -4*g + g**3 + 4*g - 9*g**2 - g. Let x(z) = 0*z**3 - 5*z**3 + 50*z**2 + 3*z + 2*z**3 - 24*z**2. Let l(u) = -17*c(u) - 6*x(u). Give l(-2).
-18
Suppose -3*c + v = -2, 2*c - 175*v = -171*v - 2. Let r(y) be the third derivative of 31*y**4/24 + y**3/6 + 3*y**2. Give r(c).
32
Suppose 0 = 31*c + 100 + 52 + 96. Let d(r) = 29*r + 204. Give d(c).
-28
Let c(k) = -7*k + 4. Suppose -172 = 10*p - 32. Let q(y) = -16*y + 8. Let r(d) = p*c(d) + 6*q(d). Give r(-6).
-20
Let q be (-100)/(-28) + -1 - 12/(-28). Let z(v) = 2 + 5*v - 2 - 2 + v. What is z(q)?
16
Let n = -523 + 525. Let r(p) = 0*p**2 + 1 + n*p**2 - p**3 + 5 - 5*p - 7 + 6. Calculate r(2).
-5
Let y = -201 - -352. Let a = 160 - y. Let b(f) = -f - 3. Give b(a).
-12
Let q(z) be the first derivative of -4*z**2 + 2*z + 1/3*z**3 + 11. What is q(8)?
2
Suppose 198*a - 3 = 202*a + d, 15 = -5*a + d. Let s(f) = f - 6. Give s(a).
-8
Let p(q) = -25*q - 6. Let h(m) = -18*m - 25 - 12 + 33 - 5*m. Let n(f) = 3*h(f) - 2*p(f). Calculate n(-1).
19
Let f(